factors of 594968992.
2, 17, 151, 7243
What are the prime factors of 644739443?
644739443
List the prime factors of 29697758.
2, 449, 33071
List the prime factors of 71695335.
3, 5, 1093, 4373
What are the prime factors of 4490966933?
7459, 602087
What are the prime factors of 1019439362?
2, 8263, 61687
What are the prime factors of 58881795?
3, 5, 7, 17, 32987
What are the prime factors of 8622450989?
8622450989
What are the prime factors of 44619915?
3, 5, 2974661
What are the prime factors of 172046239?
17, 167, 60601
What are the prime factors of 214929884?
2, 13, 97, 42611
List the prime factors of 18365236.
2, 17, 29, 67, 139
What are the prime factors of 3257153066?
2, 1628576533
What are the prime factors of 34723565?
5, 31, 59, 3797
List the prime factors of 1322424893.
1229, 1076017
What are the prime factors of 79905396?
2, 3, 337, 19759
What are the prime factors of 5803927005?
3, 5, 367, 1054301
What are the prime factors of 659876339?
3853, 171263
List the prime factors of 10196393.
10196393
List the prime factors of 306434320.
2, 5, 3830429
List the prime factors of 2550477007.
13, 29, 37, 67, 2729
What are the prime factors of 51306212?
2, 12826553
List the prime factors of 40547639.
11, 307, 12007
List the prime factors of 1903843068.
2, 3, 7723, 20543
List the prime factors of 54166464.
2, 3, 11, 83, 103
What are the prime factors of 81671481?
3, 19, 103, 4637
What are the prime factors of 1327761140?
2, 5, 179, 370883
What are the prime factors of 36851459?
59, 624601
What are the prime factors of 298140251?
397, 750983
What are the prime factors of 396688675?
5, 15867547
What are the prime factors of 117757835?
5, 13, 29, 179, 349
What are the prime factors of 41112348?
2, 3, 3426029
List the prime factors of 286517415.
3, 5, 19101161
What are the prime factors of 24142301?
109, 221489
List the prime factors of 1216424742.
2, 3, 13, 1087, 14347
List the prime factors of 1411783999.
19, 23, 193, 881
List the prime factors of 27217235.
5, 41, 103, 1289
What are the prime factors of 35528128?
2, 181, 3067
List the prime factors of 2784622609.
281, 9909689
What are the prime factors of 2758609103?
1117, 2469659
What are the prime factors of 1489504521?
3, 17, 107, 499, 547
List the prime factors of 4662052961.
4662052961
What are the prime factors of 184268215?
5, 1447, 25469
What are the prime factors of 658949117?
658949117
What are the prime factors of 1219746166?
2, 23, 26516221
What are the prime factors of 126582929?
11, 337, 34147
List the prime factors of 446402086.
2, 13, 449, 38239
List the prime factors of 2108953259.
7, 2927, 102931
List the prime factors of 218211633.
3, 2341, 10357
List the prime factors of 304909134.
2, 3, 4919, 10331
What are the prime factors of 166793139?
3, 18532571
List the prime factors of 1557995334.
2, 3, 7, 31, 37, 32341
What are the prime factors of 147026526?
2, 3, 73, 103, 3259
What are the prime factors of 48513645?
3, 5, 1078081
What are the prime factors of 53767746?
2, 3, 995699
List the prime factors of 110453042.
2, 7, 19, 521, 797
What are the prime factors of 785288310?
2, 3, 5, 17, 23, 66947
List the prime factors of 46199139.
3, 7, 2199959
List the prime factors of 645872574.
2, 3, 523, 205823
What are the prime factors of 191084097?
3, 17, 3746747
What are the prime factors of 57443007?
3, 887, 21587
List the prime factors of 363182508.
2, 3, 13, 258677
List the prime factors of 46550430.
2, 3, 5, 53, 3253
List the prime factors of 53394827.
53394827
What are the prime factors of 1850474?
2, 925237
List the prime factors of 53020348.
2, 17, 173, 4507
What are the prime factors of 1635831755?
5, 127, 2576113
List the prime factors of 292323115.
5, 7, 8352089
What are the prime factors of 4328270?
2, 5, 419, 1033
List the prime factors of 144284297.
144284297
List the prime factors of 68896350.
2, 3, 5, 283, 541
What are the prime factors of 92906311?
92906311
What are the prime factors of 95201425?
5, 11, 346187
List the prime factors of 197508171.
3, 7, 1343593
What are the prime factors of 192805074?
2, 3, 7, 11, 139109
List the prime factors of 89468350.
2, 5, 1789367
List the prime factors of 378206993.
53, 2069, 3449
What are the prime factors of 72771050?
2, 5, 11, 17, 43, 181
List the prime factors of 200428996.
2, 463, 108223
What are the prime factors of 1754927804?
2, 7, 79, 137, 5791
What are the prime factors of 68860731?
3, 19, 113, 10691
List the prime factors of 71929932.
2, 3, 137, 43753
List the prime factors of 39620975.
5, 953, 1663
What are the prime factors of 227925810?
2, 3, 5, 7, 361787
List the prime factors of 1194724878.
2, 3, 17, 11712989
What are the prime factors of 8756962191?
3, 17, 1913, 9973
What are the prime factors of 311860859?
311860859
List the prime factors of 44278480.
2, 5, 553481
List the prime factors of 19272385.
5, 11, 29, 43, 281
What are the prime factors of 211493365?
5, 139, 173, 1759
What are the prime factors of 8248244?
2, 2062061
List the prime factors of 5613616592.
2, 97, 337, 10733
What are the prime factors of 579985?
5, 7, 73, 227
List the prime factors of 158919610.
2, 5, 19, 107, 7817
List the prime factors of 77862729.
3, 7, 3707749
What are the prime factors of 43282232?
2, 7, 757, 1021
What are the prime factors of 384056014?
2, 192028007
List the prime factors of 363944435.
5, 443, 164309
List the prime factors of 46327965.
3, 5, 317, 9743
What are the prime factors of 373114707?
3, 7, 2417, 7351
What are the prime factors of 6024564892?
2, 23, 65484401
List the prime factors of 6123904596.
2, 3, 29, 5865809
What are the prime factors of 39642242?
2, 31, 639391
List the prime factors of 49924694.
2, 31, 359, 2243
What are the prime factors of 393329873?
3299, 119227
List the prime factors of 18391294.
2, 37, 157, 1583
What are the prime factors of 3441218592?
2, 3, 7, 19, 269519
List the prime factors of 129645006.
2, 3, 71, 304331
List the prime factors of 195057269.
11, 17, 593, 1759
List the prime factors of 17810068.
2, 19, 234343
List the prime factors of 52042871.
479, 108649
List the prime factors of 9435918.
2, 3, 17, 79, 1171
What are the prime factors of 581982674?
2, 7, 13, 3197707
List the prime factors of 560464926.
2, 3, 7, 19, 702337
What are the prime factors of 4291686290?
2, 5, 223, 1924523
What are the prime factors of 11257527?
3, 557, 6737
What are the prime factors of 3284707288?
2, 410588411
What are the prime factors of 676772703?
3, 17, 4423351
List the prime factors of 1272779316.
2, 3, 1381, 25601
What are the prime factors of 92184335?
5, 3391, 5437
List the prime factors of 104869975.
5, 7, 73, 8209
List the prime factors of 3731943378.
2, 3, 53, 1499, 7829
What are the prime factors of 1132580654?
2, 12853, 44059
What are the prime factors of 538104071?
53, 10152907
What are the prime factors of 108771998?
2, 19, 83, 34487
What are the prime factors of 1609304260?
2, 5, 79, 12893
What are the prime factors of 1720026896?
2, 7, 173, 88771
What are the prime factors of 60260834?
2, 30130417
List the prime factors of 198873700.
2, 5, 701, 2837
What are the prime factors of 7859295872?
2, 641, 95789
What are the prime factors of 16022877?
3, 13, 29, 31, 457
What are the prime factors of 790965327?
3, 263655109
List the prime factors of 114883372.
2, 37, 347, 2237
List the prime factors of 142852727.
2297, 62191
List the prime factors of 201810967.
201810967
List the prime factors of 231815856.
2, 3, 4829497
List the prime factors of 721233261.
3, 7, 3816049
List the prime factors of 2270431724.
2, 11, 51600721
What are the prime factors of 50903112?
2, 3, 13, 163151
List the prime factors of 440285582.
2, 11, 20012981
What are the prime factors of 3945836834?
2, 5791, 340687
List the prime factors of 66260446.
2, 7, 109, 6203
List the prime factors of 82699368.
2, 3, 3445807
List the prime factors of 68600770.
2, 5, 7, 131, 7481
What are the prime factors of 32714761?
41, 131, 6091
List the prime factors of 3588302565.
3, 5, 23, 1155653
What are the prime factors of 864576897?
3, 2753, 104683
List the prime factors of 339824151.
3, 149, 211, 1201
List the prime factors of 137692256.
2, 13, 89, 3719
What are the prime factors of 112827939?
3, 7, 767537
List the prime factors of 20